) + -16.
-71
What is 3734 + -3836 + (4 - 2)?
-100
What is the value of 3911 + -3922 - (-2 + 4 + -84 + 0)?
71
Evaluate 120 - (-107 - (-119 + -105)).
3
-3 + 3 + (38 - 25) + 1 + -70 + 142
86
77 - (-13 + 22 + 5 + 11 + -17)
69
Evaluate -37 + (0 - -5 - (58 + -35 - 17)).
-38
Evaluate -35 - 69 - -33 - -3.
-68
What is 26 + 53 + (-27 - 14) - -1?
39
-37 + -4 + 65 + -20
4
What is (106 - 166 - -35) + -24?
-49
What is 31 + (-117 - -33) + 57?
4
What is 32 - 1 - (47 - 17) - (0 - (2 - -70))?
73
2 - ((3 - -6) + -3) - (51 + -41)
-14
Calculate 752 + -746 + 3 + (2 - (20 + 4)).
-13
Calculate -3 + 1 - -93 - (30 - (28 + -17 + 17)).
89
Calculate (77 - 70) + (-24 - -29).
12
Evaluate 40 + -76 + (-54 - -65).
-25
Evaluate -5 + 0 - (-31 + (147 - 116)).
-5
Evaluate -4 + (-2 + 12 - 13) + 4 + 2 + -7.
-8
What is 13 + (-27 - (111 + -147))?
22
What is the value of -1 + -2 - (25 + (15 - 54) + 30)?
-19
What is (-3268 - -3277) + (-1 - 1) + (-5 - (-3 + 8))?
-3
(-68 + 16 - 21) + (-4 - -36)
-41
What is the value of (-42 - (-276 - -139)) + -1?
94
Evaluate 48 - (84 + -81 + 82).
-37
5 + (3 - ((-26 - -13) + 14)) - -100
107
-1580 + 1661 + (21 - (-3 - -11))
94
What is the value of (-8 - (15 - 3) - -3) + (0 + -4 - -7)?
-14
(-128 - (84 + -127)) + 201
116
Calculate (25 - -37 - -11) + (-7 - 10) + 10 + 10.
76
What is the value of 212 + -356 + 140 - (-83 - 1)?
80
What is (3 + 15 - (-5 - -18)) + (3 - 5)?
3
Calculate (8 - (8 - -3)) + 15 + (1 - -5) + -9.
9
Calculate -1 - 45 - (8 + 1 - (24 + (-7 - 12))).
-50
What is the value of -3 - -41 - (-88 + (46 - -45))?
35
10 + -4 + (-4 - -4 - ((4 - 17) + -2))
21
Calculate -47 + 3 - (46 - (45 + -10)) - 17.
-72
Evaluate -68 + (-10 - ((5 - -7) + 1 + -32)).
-59
What is (-1 - -13) + -181 + (-301 - -493)?
23
What is the value of 243 + -216 - (-3 - (-7 - 11))?
12
Calculate 40 + (-28 + -3 - -13) + 33.
55
-6 - -35 - (-8 + -10 + (6 - 8 - -17))
32
Calculate 70 + (89 - (102 + -23)).
80
What is the value of -8 - ((2 - 1) + 140 + -4 + -65 + 39)?
-119
1 + -3 - -10 - (-29 + -69 + 105)
1
What is the value of (25 - (-9 + (39 - 24))) + 16?
35
((73 - 80) + 11 - (1 + -11)) + 12
26
What is the value of -5 + -3 - (70 + -153 - (-14 - 4))?
57
-7 + 6 - (-2 + -7 + (1 - (21 - -3)))
31
What is the value of 0 + 2 + -33 + 3 + -2 - (70 + -72)?
-28
Calculate 68 - (28 - (10 + (19 - 18)) - 25).
76
What is the value of (-80 - -70) + 19 + 53 + 2 + -4?
60
Calculate -18 - -15 - (4 + 1 - (189 + -93)).
88
What is 4 + (-19 + -17 - -19 - (7 + 1))?
-21
What is -21 + (21 - 12) + -12 + 14 + -5 + -1?
-16
What is -22 - (34 + -59) - -20?
23
Calculate 41 - (-21 + -26 + 46) - (-1 + 2 + -2).
43
Evaluate (10 - -80) + (26 - 151).
-35
Evaluate 50 - (-11 - (-8 + 12 - (27 - 7))) - -7.
52
What is the value of -32 + (-7 + 11 - -16) + -13 - 10?
-35
What is the value of -39 - (20 - -37 - 100)?
4
What is the value of 100 + -87 + 80 + 22 + 1 - 10?
106
9 + (-6 - -8 - 12) + (-24 - -28) + -68
-65
What is (51 - (14 + -12)) + 4 + -14 - (0 + -12)?
51
Evaluate 3555 + -3627 - (-1 + 2 - (0 - -11)).
-62
What is the value of 16 + 6 + -14 + -32 - (-17 + 25)?
-32
Calculate (2 - -21) + 964 + -955.
32
53 - (-7 + (20 - 24 - -19))
45
What is 3 + -1 + 7 - 7 - -23?
25
Calculate -57 + (0 - -12 - ((-32 - -78) + -34)).
-57
Calculate -39 - (1 - (-7 + 22 + -8)).
-33
(9 - -6 - (-33 + 55)) + -26
-33
Calculate -36 - (22 + 17 - 15).
-60
What is -47 - (-1 + 21 + (78 - 7 - 89))?
-49
4 + -15 + -2 - (-20 - (12 + 0))
19
What is 3 + (27 - 61) - -50?
19
-1 - (15 - -2) - (-162 + 180)
-36
Evaluate -5 - -55 - (-399 - -513).
-64
Calculate 117 - (-2 + 23 + 23).
73
Calculate (-21 - (2 - (15 + 6 + -11))) + (95 - 3).
79
Evaluate (-6 - (3 - 1)) + 359 + -320.
31
Calculate (17 - 3) + (27 + -8 - 31).
2
Calculate -34 + 72 + -54 - (1 - 0 - -44).
-61
Calculate (98 - 2) + (59 - 20 - 49) + (-4 - 0).
82
What is the value of -11 + (-27 + -36 - 7 - 41)?
-122
Calculate -6 - (13 + (-32 - -31 - -8)).
-26
Evaluate -1300 + 1336 - (73 - (4 + 0)).
-33
What is the value of (38 - -12 - (2 - (-7 + -1))) + 4?
44
What is the value of 143 + (-153 - -16) + -56?
-50
What is the value of 23 + (142 - (-20 - -135))?
50
What is -6 + -29 - (21 + 119 + -43)?
-132
40 + -53 + -63 + 117
41
What is -1 + 0 + (-53 - (2 + -45)) - -10?
-1
What is (7 + (16 - 25) - -30) + -14?
14
(-94 - (0 + 1)) + -75186 + 75168
-113
Calculate (-5 - -98) + (-158 - -17).
-48
Evaluate (-42 - -179) + -156 + -29 + (1 - 1).
-48
What is the value of 5 - 22 - (-35 - -18 - -12 - -5)?
-17
What is the value of -132 + 81 + 114 + -18?
45
Calculate 3 - (-44 + (-35 - -63) - (9 + 2)).
30
What is 14 - (-71 - -36 - -66)?
-17
What is the value of 23 + -59 + 66 + (-3 - 1) + (-3 - -3)?
26
What is 0 + -19 - (31 - (-54 - -22))?
-82
What is the value of (91 - 135) + 19 + -16 + 90?
49
What is the value of -60 - 0 - (-1 + 7 - (221 + -49 - 164))?
-58
What is -6 + (-3 + 0 - ((-27 - 15) + 35)) + 11?
9
Calculate 47 - 0 - (14 - (-7 + 9)).
35
What is 979 - 1004 - (-6 - -30)?
-49
What is the value of 2 + 22 + (88 - (99 - 9))?
22
What is the value of 8 + (-25 - (2 + -2) - 44)?
-61
What is 48 - 57 - (-16 + (-9 - -14) - 47)?
49
Calculate 209 - 222 - (-6 + (3 - -1) + 3 + 41).
-55
Evaluate -87 + (-50 - -24 - (-42 + -7)).
-64
Evaluate 17 + (-1 - -1) + (40 - 50) + (-7 - -6).
6
Evaluate (3 - (102 - 5)) + (-30 + (14 - -11) - -8).
-91
Calculate 4470 + -4438 - (-10 - 1).
43
What is the value of -20 + 74 + -46 + -53?
-45
What is the value of (45 - (22 + 63)) + 0 + 1 + 2?
-37
(84 + -66 - -40) + -48
10
What is -85 - (-194 + (-87 - -192))?
4
Evaluate 34 + -46 + (145 - 66).
67
What is the value of (8 - (1 + 6)) + (22 - (-4 + (-5 - -10)))?
22
What is the value of 36 + -13 + -19 + 30 + -55?
-21
What is the value of -11 + (-4 - (38 + 4 + -22))?
-35
What is the value of (-37 - -108 - 29 - 185) + 1 + 9?
-133
What is the value of -173 - (26 - (58 - -70))?
-71
(-6 - -7) + 6 - (61 - (-28 + -20))
-102
What is (-1 + -11 - (-388 - -352)) + -101?
-77
Evaluate (-63 - -43) + 3 + 26 - (-3 + 70).
-58
Evaluate 178 + -385 + 185 + 1 + -20.
-41
Calculate -43 + (0 + 18 + 2 - 12).
-35
Evaluate -9 - 34 - (25 - 25).
-43
Calculate (141 - 108) + 12 + -29.
16
Evaluate -12 + (-51 - (-43 + 20) - -35).
-5
-14 - -2 - (-1 - 7 - (98 - (56 + 41)))
-3
Evaluate -205 + -36 + 358 + -1 + -30.
86
Evaluate -27 - ((-56 - 3) + 22).
10
(40 - (-23 - -89) - (-3 + (-9 - 2))) + -126
-138
Evaluate -7 - 15 - (517 - 449).
-90
Calculate -7 - -5 - -11 - (-3198 - -3178).
29
(-145 - (0 - 6)) + -1246 + 1277
-108
Calculate -67 - 3 - (52 - 90) - 4.
-36
What is the value of -5 - ((-13 - 30) + 12 + -62)?
88
What is the value of 4466 + -4417 - (4 - 2 - -1)?
46
What is the value of (-30 - (-10 + 22)) + 110 - (5 + 2 - -3)?
58
35 + (-50 + 10 - 32)
-37
Calculate -56 + (-2 - -18) + (18 - -12 - 9) + -28.
-47
Evaluate (-1 + (-1 - -2) - -37) + 654 + -645.
46
Evaluate 54 - 28 - -22 - (1 + 10) - -11.
48
Calculate 31 - (-24 + (-10 - -84)).
-19
-9 - -3 - (-4 + -18 + -10 + 65)
-39
Evaluate 41 + (-28 - ((-31 - -24) + 9)).
11
What is 265 - 341 - (-37 + -1)?
-38
What is 20 + -17 + 1 + (-47 + -2 - (5 + -10))?
-40
What is the value of 7 + 0 + (-94 - -144) + (4 - 21)?
40
What is the value of 2 + (-8 - -20) + (33 - (39 - 92))?
100
What is the value of (-124 - (-17 - 91)) + 70 + 2?
56
What is the value of 6 + (2 - (6 - -11)) - (-3 - (40 + -27))?
7
What is 35 - (53 + -30 - -11)?
1
Evaluate 46 - (50 + -101 - -81).
16
-14 + -150 + 25 - -70
-69
Calculate 7 - (52 + -84 - -30).
9
Evaluate 0 + 30 + -8 + (17 - -12).
51
Calculate (7 - (-1 - 122)) + -956 + 943.
117
What is the value of (41 - (-15 + 6)) + 7 + -26 + 6?
37
What is 135 + (-95 - (-67 + 43))?
64
What is -8 + 14 + 14 - (-3 - -7)?
16
Evaluate -82 + (86 - -114) + -133.
-15
Calculate (-18 - -59) + 36 + -39 + 44.
82
What is the value of -41 + (-126 - -83 - (-36 - -20))?
-68
-84 - (1619 + -1624 + (-14 - (-1 + 0)))
-66
What is (4 - 8) + 2 - (0 + -122) - (6961 - 6964)?
123
4 + 19 + -9 + -4 + (0 - 12)
-2
Evaluate (24 - (-22 + 30)) + -58.
-42
(-25 - 1) + (36 - 20) + (14 - 1)
3
Calculate (33 - (55 - (39 + -16))) + 1 + 13.
15
What is the value of -73 + -12 + (266 - 179)?
2
Calculate -211 + 56 + 113 - (-66 - -2).
22
Evaluate 50 - (108 + -119 + 139).
-78
-17 + (750 - 754 - (-2 - 7))
-12
Evaluate (0 - -7) + (295 + -219 - 175).
-92
Calculate (-1 - (-7 + 15)) + (-273 - -371).
89
(-339 - -175) + 203 + 60
99
Calc